 + 2*k - 1. Let a = 59 - 50. Suppose -4*j = 3*q + 20, 4*q + 4*j + 6 = a*j. Give p(q).
7
Let o(u) = -2*u - 29*u**2 + 35*u**2 + 3*u - 7*u**2 - 12*u + 26. Calculate o(-14).
-16
Let l(g) be the third derivative of -2*g**6/45 - 46*g**3/3 - 44*g**2 + 1. Let u(m) be the first derivative of l(m). What is u(1)?
-16
Let x(m) = m**2 - 5*m + 9. Suppose -3*g - 7 = -5*t, -18*t - g = -23*t + 19. Calculate x(t).
9
Let d(m) = 2*m**3 - 5*m. Suppose 3*r - 7057 = -7048. Give d(r).
39
Let a(k) = -1369*k + 5 - 1368*k - 1377*k + 4115*k. Give a(8).
13
Let x(i) be the third derivative of i**5/120 + i**4/3 + 122*i**3/3 - 19*i**2 - 4*i. Let k(z) be the first derivative of x(z). Give k(-4).
4
Suppose 2*s - 5*s = j - 5, -j = 4*s - 6. Let f(r) = 9355*r**3 - 2 - 9356*r**3 - 4*r**2 + r + 2*r**2. Give f(j).
-16
Suppose -160 = -4*c - 12*c. Let o be 12/c*(280/12)/7. Let x(t) = 12*t - 9*t**2 - 10 - 6*t**3 - o*t**3 + 16*t**3 - 5*t**3. What is x(8)?
22
Suppose -2*p + 4 = 28. Let q(t) = t**2 + 16*t + 42. Let g be q(p). Let a(y) = 7*y**2 + 0 + y**3 + 4*y - 7 + 0. Determine a(g).
5
Let q be 47/(10857/126) + 232/(-22). Let v(i) = i**3 + 11*i**2 + 13*i + 19. Calculate v(q).
-11
Let i(c) = -36*c - 48. Let b(g) = -5*g - 7. Let q(k) = 27*b(k) - 4*i(k). Suppose -21*n + 14*n = 0. Suppose 4*r - 8 = 0, n*a + 10 = -a + 4*r. What is q(a)?
-15
Suppose -30 = 5*t, -o - 2*t = 10 - 3. Let s(n) = -n**2 - 3*n + 51. What is s(o)?
11
Let c(q) = 22*q. Suppose 16 = -2*n - 4*g, -87*n + 4*g = -84*n - 26. Calculate c(n).
44
Suppose j + 4*q - 32 = -0*q, -6*j = -2*q - 62. Let c(y) = 3*y - 9. What is c(j)?
27
Let c(b) = 6*b**2 - 11*b - 32. Let y(g) = 14*g**2 - 23*g - 65. Let j(l) = 13*c(l) - 6*y(l). Let s(a) be the first derivative of j(a). Determine s(-4).
43
Let r(j) = -j**2 + 2*j**3 - j**3 - 5 + 1. Let a = -7160 + 7162. Determine r(a).
0
Let h(u) = 19*u**3 + u**2 + 48*u - 88. Let y(s) = 22*s**3 + s**2 + 55*s - 90. Let r(d) = -7*h(d) + 6*y(d). Give r(0).
76
Suppose -l - 3*y = -y + 7, -2*l = -3*y + 35. Let f(i) = -7*i - 84. Give f(l).
7
Let i(h) = 4531 + 8*h - 4526 - 5*h. Let q(w) = -w**3 - 4*w**2 + w - 1. Let r be q(-4). Give i(r).
-10
Let q = -354286 - -354282. Let j(k) be the first derivative of 3*k**2 + 18*k - 2. Determine j(q).
-6
Let y(m) = -30410*m + 10142*m + 10137*m + 24 + 53 + 10143*m. What is y(-6)?
5
Let v(d) = 2*d + 11. Suppose 2*q + 32 = 18*q. Suppose -4*l + q*m - 3 = -43, -3*m = 6. Determine v(l).
29
Suppose 4*i - 12 = -4*q + 3*i, 0 = 2*q - i. Suppose -4*w - q = -22. Let v(g) = -g - 5. Give v(w).
-10
Let m(v) = -v**3 + v + 6. Let c be m(0). Let f(p) be the second derivative of -20*p + 1/20*p**5 + 0 - 5/12*p**4 - p**3 - 2*p**2. Calculate f(c).
-4
Let o(q) = -q**2 - 7*q + 1. Suppose -6*x = -9*x + 2*l - 2, 2*x + 33 = -5*l. Let c be 704/(-120) + x/30. Determine o(c).
7
Let o be (18 - 27)*(-12)/54. Let q(c) be the first derivative of 4 - 1/2*c**o - 3*c. Determine q(-3).
0
Let w(n) = n**3 - 2*n**2 + 3*n - 11. Suppose 161 + 99 = 52*s. What is w(s)?
79
Let i(r) = -r**2 - 10*r + 33. Suppose 0 = -23*c - 59 - 21 - 265. What is i(c)?
-42
Let n(o) = 2*o. Let b be 4/9 + (-84)/(-54). Suppose b*w = -5*v + 14, v = 2*w - 1 - 1. Calculate n(v).
4
Let i(r) = -r**2 + 7*r + 48. Suppose -70*y + 1815 = 32*y + 19*y. Determine i(y).
-72
Let n(h) = h**2 - 12*h + 12. Let b = 2335 + -2330. Calculate n(b).
-23
Let i(h) = -3*h + 22. Let o(u) = u + 2. Let g be o(3). Let y be i(g). Let p(x) be the third derivative of x**4/24 - x**3/6 - 30*x**2. Give p(y).
6
Let y(i) = i**3 - 9*i**2 + 3*i + 7. Suppose 0 = -3*x + 705 - 681. Determine y(x).
-33
Suppose -3*g - 5*t + 1 = -t, -5*g + 19 = -2*t. Let x(w) = -3*w**2 + 13*w - 4. Let z be x(g). Let k(q) = -q**3 + 9*q**2 - 10*q + 11. Give k(z).
-5
Let r(v) = 10*v - 27. Let u(h) = -h**2 - 22*h + 26. Let i(y) = -3*r(y) - 2*u(y). Calculate i(-3).
5
Let n be 0 - ((-24)/48 + 7/(-2)). Let p(i) = i**3 + i**2 - 6*i + 9. What is p(n)?
65
Suppose -24*f = 129*f + 153. Let i(d) = -7*d + 4. Let n(h) = 8*h - 4. Let z(c) = -6*i(c) - 5*n(c). Determine z(f).
-6
Let x(q) be the third derivative of -q**5/60 + q**4/12 + 31*q**3/6 - 31*q**2. Determine x(5).
16
Let o(l) = -l**2 + 14*l - 42. Suppose -2 = -3*r + 5*m, -2*r - 3*m - 131 + 164 = 0. Give o(r).
3
Let x be 8*((-141)/(-24) + -4). Suppose -x*i + 35 = -10*i. Let s(h) = -h. What is s(i)?
-7
Let i(g) = g**3 - 19 + 33*g + 22*g**2 + 59 - 9*g. Determine i(-21).
-23
Let a(z) = z**2 + 5*z + 1. Let j = -39 - -44. Suppose 0*v - 2*v + 23 = -j*x, -27 = -2*v + x. Suppose -v + 4 = 2*s. Calculate a(s).
1
Suppose 9*q = 10*q - 3. Suppose -14 = -l - 5*s, q*l - 2*s - 10 - 32 = 0. Let u(i) = 24*i - 12*i - l*i. Determine u(5).
-10
Let y(v) be the third derivative of v**5/60 - 11*v**4/24 - 47*v**3/2 + 165*v**2. Let a be y(-7). Let j(l) = -l**2 - 16*l - 15. What is j(a)?
0
Let d be 1*(-5)/(-15)*0. Suppose -g - 5*s = -16, d*g - 2*s + 10 = g. Let n(a) = -13 + 6*a**2 + 7 + 3 - a**3 - g*a. Calculate n(5).
-8
Let s(b) = -b + 1. Let a(d) be the first derivative of d**2/2 - 7*d - 1195. Suppose -12 = 3*g, g = 3*f - 3*g - 40. Let n be a(f). Give s(n).
0
Let r(c) = 17*c + 92. Let j be r(-6). Let w(g) = g**2 + 13*g + 32. Let m be w(j). Let p(u) be the first derivative of -13*u**2/2 - u - 1. Give p(m).
-27
Let c(n) be the second derivative of n**7/2520 + n**6/360 - n**5/30 - 43*n**4/6 - 144*n. Let b(o) be the third derivative of c(o). Calculate b(-2).
-4
Let f(i) = 10*i. Let s be f(-1). Let v(d) = -8*d**3 + 11*d**2 + 8*d. Let x(g) = 3*g**3 + g + 1. Let j(c) = v(c) + 3*x(c). Determine j(s).
-7
Let v(x) = -8*x**3 + 78*x**2 - 5*x + 25. Let k(q) = -9*q**3 + 76*q**2 + 24. Let r(m) = 5*k(m) - 6*v(m). Give r(29).
-1
Let v(x) = -x**3 - 3*x**2 + 2*x + 6. Let t(c) = 21 - 51 - 2*c + 4*c. Suppose 0 = 5*o - d + 3*d - 65, -2*o + 26 = -3*d. Let b be t(o). What is v(b)?
14
Let h(g) = 18*g + 1. Let q(d) = -2*d + 1. Let b(r) = h(r) + 10*q(r). Give b(8).
-5
Let a(l) = -l - 1. Let j(n) = -n**3 - 26*n**2 - 2*n - 48. Let p be j(-26). Suppose -15*u + 20 = p*o - 10*u, -2*o + u = 4. What is a(o)?
-1
Let j(w) = -w**2 - 5*w + 3. Let a(i) = -39*i. Let x be 18/(-12)*2*(-1)/(-3). Let q be a(x). Suppose 30 = -4*c - s + 1, 3*s = -4*c - q. Calculate j(c).
-3
Suppose 405*i = -430 + 25. Let f(n) = n - n**2 - 8*n**2 + 0*n - n**2. Calculate f(i).
-11
Let j(x) = 9*x + 4. Let y be j(11). Let t = 105 - y. Let w(g) = -g + 5*g - g**3 + 3 - 10*g + 7*g**t. Determine w(6).
3
Let z be 65/26*(-1 - (28/(-5))/(-4)). Let s(h) = 5*h + 6. What is s(z)?
-24
Let t be -14 + 1/(-3)*(7 - 8)*15. Let j(a) = a**3 + 10*a**2 + 9*a + 5. Give j(t).
5
Suppose -29*b = -26*b - 9. Let x(p) = 69*p**2 - 4*p - 68*p**2 - 4 + 5*p. Give x(b).
8
Let f(y) = 4*y**3 + 9*y**2 + 6*y + 53. Let u(g) = -5*g**3 - 11*g**2 - 7*g - 67. Let w(h) = 6*f(h) + 5*u(h). What is w(0)?
-17
Let y(i) = i**2 + 8*i + 3. Suppose 28*t + 88*t = -38*t - 1078. Give y(t).
-4
Suppose -5*a - 31 = -4*f, -2*a + 598 - 626 = f. Suppose -5*g + 0*g = -4*z - 31, -4*g + 5*z = -32. Let j(p) = 6*p + g - 3*p - 2*p. What is j(f)?
-3
Let k(l) = -5*l + 1. Let q(s) = 2*s**3 + 10*s**2 + 25*s + 67. Let c be q(-4). Determine k(c).
6
Let g(r) = r - 3*r + r - 5. Let q(h) = 3*h**2 + 5*h - 13. Let n(z) = 10*z**2 + 14*z - 40. Let t(d) = -5*n(d) + 16*q(d). Let c be t(4). Give g(c).
-5
Suppose -15 = -3*c - 5*z + 1, 0 = -4*c + 4*z. Let d(g) = 3 + 21431*g**2 - 10716*g**2 - g - 10717*g**2. What is d(c)?
-7
Let y(b) = -2*b**3 + 48*b**2 - 4*b + 87. Let o = 15609 - 15585. What is y(o)?
-9
Let q(u) = -7*u + 10*u + 5936 - 5959. Give q(7).
-2
Let v(i) be the first derivative of -i**4/4 + 5*i**3/3 - 5*i**2/2 + i + 2. Let c = -119 + 102. Let f = c + 21. Calculate v(f).
-3
Suppose -35 = -5*b, -c + 21 = -14*b + 16*b. Let u(h) = -h**3 + 2*h**2 + 22*h + 7. Give u(c).
-84
Let c(b) = -3*b + 5. Let l be c(4). Let h be -2 + 0 - (3 + l + 5). Let v(n) = 2*n**3 + 5*n**2 + 2*n - 3. What is v(h)?
-18
Let h(b) = -3*b**3 + 5*b**3 - 20 + 15*b**2 - 7*b**2 + 4*b**3 + 10*b - 7*b**3. Calculate h(9).
-11
Let d(r) be the third derivative of -r**6/120 + r**4/24 + 7*r**3/2 - 12*r**2 - 40*r. What is d(0)?
21
Suppose 16*w - 3754 = 550. Let n(a) = w*a**2 - 140*a**2 + 18 - 130*a**2 - 6*a. What is n(-9)?
-9
Let i(s) be the first derivative of -s**4/4 - 2*s**3/3 - 4*s**2 - 26*s - 681. Calculate i(-3).
7
Let k(s) = 25*s + 2. Let z(i) = -12*i - 1. Let m(l) =